{"id":21,"date":"2019-04-03T12:52:08","date_gmt":"2019-04-03T10:52:08","guid":{"rendered":"http:\/\/bavarian-starlights.com\/wordpress\/?page_id=21"},"modified":"2026-01-03T23:31:03","modified_gmt":"2026-01-03T22:31:03","slug":"links","status":"publish","type":"page","link":"https:\/\/www.bavarian-starlights.com\/?page_id=21","title":{"rendered":"Links"},"content":{"rendered":"\t\t<div data-elementor-type=\"wp-post\" data-elementor-id=\"21\" class=\"elementor elementor-21\" data-elementor-settings=\"[]\">\n\t\t\t\t\t\t<div class=\"elementor-inner\">\n\t\t\t\t\t\t\t<div class=\"elementor-section-wrap\">\n\t\t\t\t\t\t\t<section class=\"elementor-section elementor-top-section elementor-element elementor-element-1cec006 elementor-section-full_width elementor-section-height-default elementor-section-height-default\" data-id=\"1cec006\" data-element_type=\"section\" data-settings=\"{&quot;background_background&quot;:&quot;classic&quot;}\">\n\t\t\t\t\t\t\t<div class=\"elementor-background-overlay\"><\/div>\n\t\t\t\t\t\t\t<div class=\"elementor-container elementor-column-gap-default\">\n\t\t\t\t\t\t\t<div class=\"elementor-row\">\n\t\t\t\t\t<div class=\"elementor-column elementor-col-50 elementor-top-column elementor-element elementor-element-7cfcbf8\" data-id=\"7cfcbf8\" data-element_type=\"column\">\n\t\t\t<div class=\"elementor-column-wrap elementor-element-populated\">\n\t\t\t\t\t\t\t<div class=\"elementor-widget-wrap\">\n\t\t\t\t\t\t<div class=\"elementor-element elementor-element-a5e7c4c elementor-widget elementor-widget-text-editor\" data-id=\"a5e7c4c\" data-element_type=\"widget\" data-widget_type=\"text-editor.default\">\n\t\t\t\t<div class=\"elementor-widget-container\">\n\t\t\t\t\t\t\t\t<div class=\"elementor-text-editor elementor-clearfix\">\n\t\t\t\t\t\t\t\t\t<\/div>\n\t\t\t\t\t\t<\/div>\n\t\t\t\t<\/div>\n\t\t\t\t\t\t<\/div>\n\t\t\t\t\t<\/div>\n\t\t<\/div>\n\t\t\t\t<div class=\"elementor-column elementor-col-50 elementor-top-column elementor-element elementor-element-dfe7192\" data-id=\"dfe7192\" data-element_type=\"column\" data-settings=\"{&quot;background_background&quot;:&quot;classic&quot;}\">\n\t\t\t<div class=\"elementor-column-wrap elementor-element-populated\">\n\t\t\t\t\t\t\t<div class=\"elementor-widget-wrap\">\n\t\t\t\t\t\t<div class=\"elementor-element elementor-element-18d508b elementor-widget elementor-widget-html\" data-id=\"18d508b\" data-element_type=\"widget\" data-widget_type=\"html.default\">\n\t\t\t\t<div class=\"elementor-widget-container\">\n\t\t\t<html>\n<style>\n\n     \n      #coll         {\n         line-height: 12px;\n         \n       \n          \n         \n      }\n      \n\n<\/style>\n<table id=\"coll\"  >\n<tbody style=\"border-bottom:12px\">\n<caption> <h4>Links zu benachbarten Clubs<\/h4><\/caption>\n<tr>\n<td style=\"width:40%\"><a href=\"\/\/www.squampfis.de\" target=\"_blank\">www.squampfis.de<\/a><\/td>\n<td>Squampfis Amberg<\/td>\n<\/tr>\n<tr>\n<td><a href=\"\/\/www.backwood-swingers.de\" target=\"_blank\">www.backwood-swingers.de<\/a><\/td>\n<td>Backwood Swingers Amberg<\/td>\n<\/tr>\n<tr>\n<td><a href=\"\/\/www.smiling-bavarians.de\" target=\"_blank\">www.smiling-bavarians.de<\/a><\/td>\n<td>Smiling Bavarians Regensburg<\/td>\n<\/tr>\n<tr>\n<td><a href=\"\/\/www.the-sputniks.de\" target=\"_blank\">www.the-sputniks.de<\/a><\/td>\n<td>The Sputniks N\u00fcrnberg<\/td>\n<\/tr>\n\n<tr>\n<td><a href=\"\/\/www.shooting-stars-fuerth.de\" target=\"_blank\">www.shooting-stars-fuerth.de<\/a><\/td>\n<td>Shooting Stars F\u00fcrth<\/td>\n<\/tr>\n<tr>\n<td><a href=\"\/\/www.shillelaghs.de\" target=\"_blank\">www.shillelaghs.de<\/a><\/td>\n<td>Shillelaghs Erlangen<\/td>\n<\/tr>\n<tr><td><a href=\"\/\/www.acrclub.de\" target=\"_blank\">www.acrclub.de<\/a><\/td>\n<td>ACR Erlangen<\/td>\n<\/tr>\n<\/tbody>\n<\/table id=\"coll\">\n<\/html>\t\t<\/div>\n\t\t\t\t<\/div>\n\t\t\t\t<div class=\"elementor-element elementor-element-d7c3529 elementor-widget elementor-widget-html\" data-id=\"d7c3529\" data-element_type=\"widget\" data-widget_type=\"html.default\">\n\t\t\t\t<div class=\"elementor-widget-container\">\n\t\t\t<html>\n<style>\n\n     \n      #coll         {\n         line-height: 12px;\n         margin:0px;\n         padding:0px;\n          \n         \n      }\n\n<\/style>\n<table id=\"coll\"  >\n<tbody>\n<caption> <h4>Weitere n\u00fctzliche Links<\/h4><\/caption>\n<tr>\n<td style=\"width:40%\"><a href=\"\/\/www.eaasdc.eu\" target=\"_blank\">www.eaasdc.eu<\/a><\/td>\n<td>Europ\u00e4ischer Dachverband f\u00fcr Squaredance-Vereine<\/td>\n<\/tr>\n<tr>\n<td><a href=\"\/\/www.squaredance.net\" target=\"_blank\">www.squaredance.net<\/a><\/td>\n<td>Eine gute Info-Seite \u00fcber Square Dance<\/td>\n<\/tr>\n<\/tbody>\n<\/table id=\"coll\">\n<\/html>\t\t<\/div>\n\t\t\t\t<\/div>\n\t\t\t\t\t\t<\/div>\n\t\t\t\t\t<\/div>\n\t\t<\/div>\n\t\t\t\t\t\t\t\t<\/div>\n\t\t\t\t\t<\/div>\n\t\t<\/section>\n\t\t\t\t\t\t<\/div>\n\t\t\t\t\t\t<\/div>\n\t\t\t\t\t<\/div>\n\t\t","protected":false},"excerpt":{"rendered":"<p>Links zu benachbarten Clubs www.squampfis.de Squampfis Amberg www.backwood-swingers.de Backwood Swingers Amberg www.smiling-bavarians.de Smiling Bavarians Regensburg www.the-sputniks.de The Sputniks N\u00fcrnberg www.shooting-stars-fuerth.de Shooting Stars F\u00fcrth www.shillelaghs.de Shillelaghs Erlangen www.acrclub.de ACR Erlangen Weitere n\u00fctzliche Links www.eaasdc.eu Europ\u00e4ischer Dachverband f\u00fcr Squaredance-Vereine www.squaredance.net Eine gute Info-Seite \u00fcber Square Dance<\/p>\n","protected":false},"author":1,"featured_media":0,"parent":0,"menu_order":0,"comment_status":"closed","ping_status":"closed","template":"","meta":[],"_links":{"self":[{"href":"https:\/\/www.bavarian-starlights.com\/index.php?rest_route=\/wp\/v2\/pages\/21"}],"collection":[{"href":"https:\/\/www.bavarian-starlights.com\/index.php?rest_route=\/wp\/v2\/pages"}],"about":[{"href":"https:\/\/www.bavarian-starlights.com\/index.php?rest_route=\/wp\/v2\/types\/page"}],"author":[{"embeddable":true,"href":"https:\/\/www.bavarian-starlights.com\/index.php?rest_route=\/wp\/v2\/users\/1"}],"replies":[{"embeddable":true,"href":"https:\/\/www.bavarian-starlights.com\/index.php?rest_route=%2Fwp%2Fv2%2Fcomments&post=21"}],"version-history":[{"count":98,"href":"https:\/\/www.bavarian-starlights.com\/index.php?rest_route=\/wp\/v2\/pages\/21\/revisions"}],"predecessor-version":[{"id":929,"href":"https:\/\/www.bavarian-starlights.com\/index.php?rest_route=\/wp\/v2\/pages\/21\/revisions\/929"}],"wp:attachment":[{"href":"https:\/\/www.bavarian-starlights.com\/index.php?rest_route=%2Fwp%2Fv2%2Fmedia&parent=21"}],"curies":[{"name":"wp","href":"https:\/\/api.w.org\/{rel}","templated":true}]}}